82. What is f(-17)?
-326
Let d(b) = b**2 - 21*b + 129. Determine d(16).
49
Let b(w) = -w**3 + 11*w**2 - 14*w + 250. What is b(16)?
-1254
Let p(y) = -385*y - 4618. What is p(-12)?
2
Let f(w) = 5*w**2 + 17*w + 1. What is f(-2)?
-13
Let m(t) = t**3 + 3*t**2 + 14*t + 26. Give m(-3).
-16
Let k(t) = t**3 + 19*t**2 + 85*t - 28. Give k(-8).
-4
Let c(k) = -k**2 - 105*k + 2143. What is c(-123)?
-71
Let d(n) = n**3 + 35*n**2 - 3*n - 838. Calculate d(-34).
420
Let z(h) = 182*h - 12000. Give z(66).
12
Let l(r) = 3*r**2 - 57*r - 21. What is l(20)?
39
Let w(u) = 954*u + 5658. What is w(-6)?
-66
Let n(a) = 8*a - 156. Calculate n(10).
-76
Let u(i) = i**2 + 119*i + 618. Determine u(-111).
-270
Let y(z) = 2*z**2 + 29*z + 14. Calculate y(-6).
-88
Let n(r) = -r**3 + 24*r**2 - 44*r - 9. Give n(2).
-9
Let c(k) = -110*k + 2998. Give c(29).
-192
Let q(r) = -24*r**3 - r**2 + 75*r - 75. Give q(1).
-25
Let c(h) = 2*h**3 + 146*h**2 - 453*h + 234. Determine c(-76).
6
Let x(k) = k**3 - 2126*k**2 + 8491*k - 8. Give x(4).
4
Let w(r) = -r**2 - 64*r + 573. What is w(-72)?
-3
Let q(k) = 2*k**2 - 48*k - 3. What is q(0)?
-3
Let u(m) = -17*m + 71. What is u(17)?
-218
Let m(d) = -14*d**3 + 8*d**2 + 8*d + 16. Determine m(-3).
442
Let g(w) = 43*w - 58. Give g(-2).
-144
Let y(b) = 226*b + 249. What is y(-2)?
-203
Let j(g) = -3*g**2 + 27*g - 2. What is j(9)?
-2
Let u(z) = -26*z + 3. Give u(2).
-49
Let a(y) = y**3 + 3*y**2 - 30*y - 58. Give a(-6).
14
Let g(a) = -a**3 - 29*a**2 - 31*a - 91. What is g(-28)?
-7
Let t(z) = -z**3 - 40*z**2 - 180*z - 28. Give t(-5).
-3
Let g(a) = 2*a**2 - 21*a + 81. Give g(10).
71
Let z(k) = k**3 + 15*k**2 + 6*k + 64. What is z(-15)?
-26
Let p(m) = -127*m + 4436. Determine p(35).
-9
Let m(r) = 55*r + 946. Give m(-20).
-154
Let k(v) = -v**3 - 203*v**2 + 3981*v + 668. Determine k(-221).
5
Let q(a) = -16*a**3 - 10*a**2 + 39*a - 30. What is q(1)?
-17
Let y(c) = -2*c**2 - 60*c - 64. Give y(-29).
-6
Let u(j) = -j**3 + 23*j**2 - 55*j - 107. What is u(20)?
-7
Let p(l) = 5*l**2 + 353*l + 1190. What is p(-67)?
-16
Let v(x) = 12*x**2 - 152*x - 15. Determine v(13).
37
Let y(b) = 28*b**2 - 139*b + 182. Calculate y(3).
17
Let x(c) = 3*c**2 + 19*c + 18. Determine x(-5).
-2
Let c(a) = a**2 - 45*a - 10010. Give c(125).
-10
Let z(o) = o**2 - 51*o - 1439. Give z(-20).
-19
Let x(m) = 450*m + 90440. Determine x(-201).
-10
Let m(r) = -28*r + 100. Give m(17).
-376
Let k(p) = -1116*p - 4420. Calculate k(-4).
44
Let q(v) = -v**3 - 9*v**2 - 12*v + 28. Determine q(-8).
60
Let z(j) = 63*j + 9890. What is z(-157)?
-1
Let p(z) = -17*z**2 + 172*z + 171. Calculate p(-1).
-18
Let m(o) = -19*o**3 + 26*o**2 + 5*o + 3. What is m(-1)?
43
Let b(p) = -p**3 + 19*p**2 - 61*p + 13. Calculate b(15).
-2
Let k(i) = 4*i**2 - 20*i - 39. Calculate k(7).
17
Let d(f) = 17*f + 61. Calculate d(-6).
-41
Let a(r) = 7*r**3 - 44*r**2 - 40*r + 15. Calculate a(7).
-20
Let f(y) = -719*y - 49607. What is f(-69)?
4
Let w(y) = -722*y + 7954. Give w(11).
12
Let i(o) = 6*o**2 - 58*o + 12. Calculate i(9).
-24
Let t(j) = -103*j + 860. Give t(9).
-67
Let z(w) = w**3 + 41*w**2 - 448*w + 82. Calculate z(-50).
-18
Let u(w) = -156*w**3 + 9*w**2 + 11*w + 2. What is u(-1)?
156
Let p(a) = -12*a**2 - 1744*a - 546. What is p(-145)?
34
Let s(u) = u**3 - 51*u**2 + 136*u + 129. Calculate s(48).
-255
Let o(y) = 13*y**3 - 3*y**2 + 35*y - 50. Calculate o(2).
112
Let u(t) = t**3 - 2*t**2 - 105*t + 59. Give u(-10).
-91
Let p(q) = -q**2 - 220*q - 9392. What is p(-58)?
4
Let h(y) = 74*y + 1421. Give h(-24).
-355
Let x(z) = 27*z + 1. What is x(0)?
1
Let r(o) = 2*o**2 - 9*o + 42. What is r(15)?
357
Let q(z) = -23*z + 101. Give q(9).
-106
Let w(y) = 3*y**3 - 46*y**2 - 29*y - 43. Calculate w(16).
5
Let a(t) = 3*t**2 + 182*t + 464. Determine a(-56).
-320
Let t(l) = -73*l - 1023. Calculate t(-11).
-220
Let j(v) = v**3 + 32*v**2 + 172*v - 6. Determine j(-7).
15
Let m(p) = 17*p**2 + p + 6. Give m(1).
24
Let v(s) = -4*s**3 - 19*s**2 + 4*s + 12. What is v(-6)?
168
Let k(j) = -2*j**2 - 53*j + 1327. Determine k(-42).
25
Let q(u) = u**3 + 8*u**2 - 42*u - 359. Determine q(-11).
-260
Let d(p) = -p**3 + 73*p**2 - 141*p - 142. What is d(71)?
-71
Let h(k) = 26*k**2 - 17*k - 12. What is h(1)?
-3
Let g(z) = -27*z - 768. What is g(-28)?
-12
Let f(c) = -2*c**3 + 33*c**2 - 10*c + 15. Give f(16).
111
Let y(v) = v**3 - 96*v**2 - 2054*v + 230. What is y(114)?
2
Let t(s) = -s**3 + 48*s**2 + 204*s + 243. Give t(52).
35
Let s(w) = -353*w**2 - 47*w - 48. Calculate s(-1).
-354
Let g(c) = c**2 - 67*c + 742. What is g(54)?
40
Let z(c) = 139*c + 2788. Give z(-20).
8
Let p(t) = 58*t - 340. Give p(12).
356
Let t(x) = 7*x**2 + 837*x + 475. What is t(-119)?
-1
Let o(g) = 2*g**3 - 41*g**2 + 22*g - 238. Determine o(20).
-198
Let k(q) = 5*q**2 + 68*q - 69. Give k(1).
4
Let f(z) = -z**3 - 152*z**2 + 616*z - 1245. Calculate f(-156).
3
Let b(q) = -31*q**2 - 3628*q - 126. What is b(-117)?
-9
Let v(n) = n**3 + 14*n**2 - 207*n + 23. Calculate v(-23).
23
Let y(j) = 2*j + 86. Calculate y(-32).
22
Let z(p) = -6*p - 187. Determine z(-6).
-151
Let u(m) = -m**3 + m**2 + 206*m - 796. What is u(4)?
-20
Let j(r) = -r**2 - 70*r + 3398. What is j(-103)?
-1
Let s(k) = -k**3 + 7*k**2 + 13*k + 23. Determine s(9).
-22
Let l(v) = 3*v**3 + 3*v**2 + 25*v + 45. Give l(-2).
-17
Let h(a) = 6*a**3 - 16*a**2 - 29*a - 9. Determine h(-3).
-228
Let i(m) = m**3 + 103*m**2 + 1031*m + 1747. Determine i(-92).
-1
Let f(a) = a**2 + 7*a - 317. Give f(-20).
-57
Let r(m) = 569*m + 20482. Determine r(-36).
-2
Let v(q) = -2*q**2 + 6. Calculate v(3).
-12
Let a(x) = -2055*x + 14380. Determine a(7).
-5
Let d(v) = 8*v - 97. Calculate d(14).
15
Let i(x) = 116*x**2 - 1145*x - 19. Determine i(10).
131
Let k(m) = -3*m**2 - 31*m + 389. Give k(-23).
-485
Let b(t) = 3*t**2 - 9*t - 509. Calculate b(-12).
31
Let h(p) = 19*p + 1477. What is h(-72)?
109
Let m(l) = -37*l + 2808. What is m(76)?
-4
Let i(c) = c**3 - c**2 - 2*c - 48. Give i(6).
120
Let c(w) = -w**3 - 40*w**2 + 88*w + 168. What is c(-42)?
0
Let f(p) = 1993*p + 62. What is f(0)?
62
Let s(u) = -2*u**3 - 7*u**2 - 7*u + 7. Give s(0).
7
Let v(h) = 2*h**3 - 64*h**2 + 13*h - 427. Determine v(32).
-11
Let l(g) = -4*g + 28. Determine l(18).
-44
Let x(r) = 5*r + 209. Calculate x(-36).
29
Let h(x) = 9*x**3 + 10*x**2 - 24*x - 22. Determine h(-4).
-342
Let y(m) = 65*m - 682. What is y(11)?
33
Let m(k) = k**3 + 2*k**2 - 28*k + 9. What is m(-5)?
74
Let s(w) = 243*w - 3371. Give s(14).
31
Let s(c) = -25*c**3 + 6*c**2 - 5*c + 4. Determine s(2).
-182
Let d(j) = -j**2 - 21*j - 53. What is d(-13)?
51
Let i(w) = -17*w + 168. Give i(33).
-393
Let k(x) = 2*x**2 - 5*x - 86. Calculate k(-5).
-11
Let c(r) = -r - 56. What is c(-39)?
-17
Let u(s) = -s**3 + 12*s**2 - 25*s + 155. Determine u(11).
1
Let w(h) = h**3 + 12*h**2 + 6*h + 13. Determine w(-7).
216
Let r(f) = -29*f - 587. What is r(-21)?
22
Let h(z) = -z**2 + 1911*z - 74846. Calculate h(40).
-6
Let l(s) = s**3 + 15*s**2 - 29*s - 432. Calculate l(-15).
3
Let n(h) = -h**3 - 42*h**2 - 10*h - 426. Give n(-42).
-6
Let d(w) = 4*w + 42. What is d(-22)?
-46
Let s(n) = -3*n**3 + 47*n**2 + 207*n - 1458. Give s(18).
0
Let g(n) = -3*n**3 - 7*n**2 - 5*n + 14. Give g(5).
-561
Let z(v) = -18*v**2 + 415*v - 76. What is z(22)?
342
Let t(m) = -169*m - 485. Give t(-3).
22
Let h(g) = -2*g**3 - 32*g**2 + 33*g - 10. Give h(-17).
7
Let f(m) = m**3 + 26*m**2 + 61*m + 3211. Calculate f(-28).
-65
Let r(g) = 33*g - 158. Give r(11).
205
Let x(z) = -2*z**3 + 9*z**2 + 2638*z - 7936. Determine x(3).
5
Let d(s) = -2*s**2 + 13*s + 90. Give d(-6).
-60
Let f(v) = -v - 81. Give f(30).
-111
Let z(t) = -31*t**2 - 515*t + 203. Determine z(-17).
-1
Let j(y) = 12*y**2 - 38*y - 38. Calculate j(4).
2
Let m(u) = -32*u**2 - 504*u - 363. Determine m(-15).
-3
Let s(l) = l**2 + 56*l + 72. Determine s(-55).
17
Let d(p) = -p**3 + 62*p**2 + 127*p + 33. What is d(64)?
-31
Let c(o) = -3*o**3 + 10*o + 45. Give c(-3).
96
Let s(i) = 5*i**3 + 46*i**2 + 6*i + 42. Determine s(-9).
69
Let g(a) = -a**3 + 9*a**2 - 27*a + 269. What is g(9)?
26
Let c(q) = -q**3 + 34*q**2 - 11*q - 1678. Calculate c(32).
18
Let h(a) = -30*a + 397. What is h(14)?
-23
Let u(o) = -935*o - 7. Determine u(0).
-7
Let m(i) = -i**3 + 21*i**2 - 12*i - 524. Calculate m(18).
232
Let b(l) = -2*l**2 + 15*l - 19. Calculate b(10).
-69
Let j(n